{"id":1313,"date":"2020-03-11T17:39:44","date_gmt":"2020-03-11T16:39:44","guid":{"rendered":"https:\/\/www.arbre-canapas.com\/?post_type=creation&#038;p=1313"},"modified":"2022-11-15T17:54:48","modified_gmt":"2022-11-15T16:54:48","slug":"nadja","status":"publish","type":"creation","link":"https:\/\/www.arbre-canapas.com\/en\/creations\/creation\/nadja\/","title":{"rendered":"Nadja"},"content":{"rendered":"<p class=\"p1\">En 1928, lorsque Andr\u00e9 Breton, d\u00e9crit sa rencontre avec Nadja, il d\u00e9cide de s\u2019affranchir des codes litt\u00e9raires et notamment d\u2019\u00e9liminer de son texte toute description. En contrepartie le livre comporte de nombreuses photos et dessins. Il n\u2019y manquait que la musique\u2026<\/p>\n<p class=\"p1\">A travers ses compositions, Guillaume Grenard a con\u00e7u des illustrations sonores sur le r\u00e9cit d\u2019Andr\u00e9 Breton en choisissant pour le fondateur du surr\u00e9alisme, le plus surr\u00e9aliste des orchestres : six clarinettes basses ; et derri\u00e8re ces b\u00e2tons d\u2019\u00e9b\u00e8ne, six fortes personnalit\u00e9s musicales.<\/p>\n","protected":false},"excerpt":{"rendered":"<p>En 1928, lorsque Andr\u00e9 Breton, d\u00e9crit sa rencontre avec Nadja, il d\u00e9cide de s\u2019affranchir des codes litt\u00e9raires et notamment d\u2019\u00e9liminer de son texte toute description. En contrepartie le livre comporte de nombreuses photos et dessins. Il n\u2019y manquait que la musique\u2026<\/p>\n","protected":false},"featured_media":1651,"menu_order":2,"template":"","creation_category":[],"class_list":["post-1313","creation","type-creation","status-publish","has-post-thumbnail","hentry"],"acf":[],"yoast_head":"<!-- This site is optimized with the Yoast SEO plugin v26.4 - https:\/\/yoast.com\/wordpress\/plugins\/seo\/ -->\n<title>Nadja - Cr\u00e9ations - L&#039;Arbre Canapas<\/title>\n<meta name=\"robots\" content=\"index, follow, max-snippet:-1, max-image-preview:large, max-video-preview:-1\" \/>\n<link rel=\"canonical\" href=\"https:\/\/www.arbre-canapas.com\/en\/creations\/creation\/nadja\/\" \/>\n<meta property=\"og:locale\" content=\"en_US\" \/>\n<meta property=\"og:type\" content=\"article\" \/>\n<meta property=\"og:title\" content=\"Nadja - Cr\u00e9ations - L&#039;Arbre Canapas\" \/>\n<meta property=\"og:description\" content=\"En 1928, lorsque Andr\u00e9 Breton, d\u00e9crit sa rencontre avec Nadja, il d\u00e9cide de s\u2019affranchir des codes litt\u00e9raires et notamment d\u2019\u00e9liminer de son texte toute description. En contrepartie le livre comporte de nombreuses photos et dessins. Il n\u2019y manquait que la musique\u2026\" \/>\n<meta property=\"og:url\" content=\"https:\/\/www.arbre-canapas.com\/en\/creations\/creation\/nadja\/\" \/>\n<meta property=\"og:site_name\" content=\"L&#039;Arbre Canapas\" \/>\n<meta property=\"article:publisher\" content=\"https:\/\/www.facebook.com\/profile.php?id=100006027978794\" \/>\n<meta property=\"article:modified_time\" content=\"2022-11-15T16:54:48+00:00\" \/>\n<meta property=\"og:image\" content=\"https:\/\/www.arbre-canapas.com\/wp-content\/uploads\/2020\/03\/DSC-2755-Nadja-visuel-scaled.jpg\" \/>\n\t<meta property=\"og:image:width\" content=\"2048\" \/>\n\t<meta property=\"og:image:height\" content=\"1228\" \/>\n\t<meta property=\"og:image:type\" content=\"image\/jpeg\" \/>\n<meta name=\"twitter:card\" content=\"summary_large_image\" \/>\n<meta name=\"twitter:label1\" content=\"Est. reading time\" \/>\n\t<meta name=\"twitter:data1\" content=\"1 minute\" \/>\n<script type=\"application\/ld+json\" class=\"yoast-schema-graph\">{\"@context\":\"https:\/\/schema.org\",\"@graph\":[{\"@type\":\"WebPage\",\"@id\":\"https:\/\/www.arbre-canapas.com\/en\/creations\/creation\/nadja\/\",\"url\":\"https:\/\/www.arbre-canapas.com\/en\/creations\/creation\/nadja\/\",\"name\":\"Nadja - Cr\u00e9ations - L&#039;Arbre Canapas\",\"isPartOf\":{\"@id\":\"https:\/\/www.arbre-canapas.com\/en\/#website\"},\"primaryImageOfPage\":{\"@id\":\"https:\/\/www.arbre-canapas.com\/en\/creations\/creation\/nadja\/#primaryimage\"},\"image\":{\"@id\":\"https:\/\/www.arbre-canapas.com\/en\/creations\/creation\/nadja\/#primaryimage\"},\"thumbnailUrl\":\"https:\/\/www.arbre-canapas.com\/wp-content\/uploads\/2020\/03\/DSC-2755-Nadja-visuel-scaled.jpg\",\"datePublished\":\"2020-03-11T16:39:44+00:00\",\"dateModified\":\"2022-11-15T16:54:48+00:00\",\"breadcrumb\":{\"@id\":\"https:\/\/www.arbre-canapas.com\/en\/creations\/creation\/nadja\/#breadcrumb\"},\"inLanguage\":\"en-US\",\"potentialAction\":[{\"@type\":\"ReadAction\",\"target\":[\"https:\/\/www.arbre-canapas.com\/en\/creations\/creation\/nadja\/\"]}]},{\"@type\":\"ImageObject\",\"inLanguage\":\"en-US\",\"@id\":\"https:\/\/www.arbre-canapas.com\/en\/creations\/creation\/nadja\/#primaryimage\",\"url\":\"https:\/\/www.arbre-canapas.com\/wp-content\/uploads\/2020\/03\/DSC-2755-Nadja-visuel-scaled.jpg\",\"contentUrl\":\"https:\/\/www.arbre-canapas.com\/wp-content\/uploads\/2020\/03\/DSC-2755-Nadja-visuel-scaled.jpg\",\"width\":2048,\"height\":1228},{\"@type\":\"BreadcrumbList\",\"@id\":\"https:\/\/www.arbre-canapas.com\/en\/creations\/creation\/nadja\/#breadcrumb\",\"itemListElement\":[{\"@type\":\"ListItem\",\"position\":1,\"name\":\"Accueil\",\"item\":\"https:\/\/www.arbre-canapas.com\/en\/\"},{\"@type\":\"ListItem\",\"position\":2,\"name\":\"Nadja\"}]},{\"@type\":\"WebSite\",\"@id\":\"https:\/\/www.arbre-canapas.com\/en\/#website\",\"url\":\"https:\/\/www.arbre-canapas.com\/en\/\",\"name\":\"L'Arbre Canapas\",\"description\":\"Collectif de musiciens\",\"publisher\":{\"@id\":\"https:\/\/www.arbre-canapas.com\/en\/#organization\"},\"potentialAction\":[{\"@type\":\"SearchAction\",\"target\":{\"@type\":\"EntryPoint\",\"urlTemplate\":\"https:\/\/www.arbre-canapas.com\/en\/?s={search_term_string}\"},\"query-input\":{\"@type\":\"PropertyValueSpecification\",\"valueRequired\":true,\"valueName\":\"search_term_string\"}}],\"inLanguage\":\"en-US\"},{\"@type\":\"Organization\",\"@id\":\"https:\/\/www.arbre-canapas.com\/en\/#organization\",\"name\":\"L'Arbre Canapas\",\"url\":\"https:\/\/www.arbre-canapas.com\/en\/\",\"logo\":{\"@type\":\"ImageObject\",\"inLanguage\":\"en-US\",\"@id\":\"https:\/\/www.arbre-canapas.com\/en\/#\/schema\/logo\/image\/\",\"url\":\"https:\/\/www.arbre-canapas.com\/wp-content\/uploads\/2020\/02\/logo-footer.png\",\"contentUrl\":\"https:\/\/www.arbre-canapas.com\/wp-content\/uploads\/2020\/02\/logo-footer.png\",\"width\":344,\"height\":243,\"caption\":\"L'Arbre Canapas\"},\"image\":{\"@id\":\"https:\/\/www.arbre-canapas.com\/en\/#\/schema\/logo\/image\/\"},\"sameAs\":[\"https:\/\/www.facebook.com\/profile.php?id=100006027978794\",\"https:\/\/www.youtube.com\/channel\/UC8X8v_jMyy4K2cPKsAze08w\"]}]}<\/script>\n<!-- \/ Yoast SEO plugin. -->","yoast_head_json":{"title":"Nadja - Cr\u00e9ations - L&#039;Arbre Canapas","robots":{"index":"index","follow":"follow","max-snippet":"max-snippet:-1","max-image-preview":"max-image-preview:large","max-video-preview":"max-video-preview:-1"},"canonical":"https:\/\/www.arbre-canapas.com\/en\/creations\/creation\/nadja\/","og_locale":"en_US","og_type":"article","og_title":"Nadja - Cr\u00e9ations - L&#039;Arbre Canapas","og_description":"En 1928, lorsque Andr\u00e9 Breton, d\u00e9crit sa rencontre avec Nadja, il d\u00e9cide de s\u2019affranchir des codes litt\u00e9raires et notamment d\u2019\u00e9liminer de son texte toute description. En contrepartie le livre comporte de nombreuses photos et dessins. Il n\u2019y manquait que la musique\u2026","og_url":"https:\/\/www.arbre-canapas.com\/en\/creations\/creation\/nadja\/","og_site_name":"L&#039;Arbre Canapas","article_publisher":"https:\/\/www.facebook.com\/profile.php?id=100006027978794","article_modified_time":"2022-11-15T16:54:48+00:00","og_image":[{"width":2048,"height":1228,"url":"https:\/\/www.arbre-canapas.com\/wp-content\/uploads\/2020\/03\/DSC-2755-Nadja-visuel-scaled.jpg","type":"image\/jpeg"}],"twitter_card":"summary_large_image","twitter_misc":{"Est. reading time":"1 minute"},"schema":{"@context":"https:\/\/schema.org","@graph":[{"@type":"WebPage","@id":"https:\/\/www.arbre-canapas.com\/en\/creations\/creation\/nadja\/","url":"https:\/\/www.arbre-canapas.com\/en\/creations\/creation\/nadja\/","name":"Nadja - Cr\u00e9ations - L&#039;Arbre Canapas","isPartOf":{"@id":"https:\/\/www.arbre-canapas.com\/en\/#website"},"primaryImageOfPage":{"@id":"https:\/\/www.arbre-canapas.com\/en\/creations\/creation\/nadja\/#primaryimage"},"image":{"@id":"https:\/\/www.arbre-canapas.com\/en\/creations\/creation\/nadja\/#primaryimage"},"thumbnailUrl":"https:\/\/www.arbre-canapas.com\/wp-content\/uploads\/2020\/03\/DSC-2755-Nadja-visuel-scaled.jpg","datePublished":"2020-03-11T16:39:44+00:00","dateModified":"2022-11-15T16:54:48+00:00","breadcrumb":{"@id":"https:\/\/www.arbre-canapas.com\/en\/creations\/creation\/nadja\/#breadcrumb"},"inLanguage":"en-US","potentialAction":[{"@type":"ReadAction","target":["https:\/\/www.arbre-canapas.com\/en\/creations\/creation\/nadja\/"]}]},{"@type":"ImageObject","inLanguage":"en-US","@id":"https:\/\/www.arbre-canapas.com\/en\/creations\/creation\/nadja\/#primaryimage","url":"https:\/\/www.arbre-canapas.com\/wp-content\/uploads\/2020\/03\/DSC-2755-Nadja-visuel-scaled.jpg","contentUrl":"https:\/\/www.arbre-canapas.com\/wp-content\/uploads\/2020\/03\/DSC-2755-Nadja-visuel-scaled.jpg","width":2048,"height":1228},{"@type":"BreadcrumbList","@id":"https:\/\/www.arbre-canapas.com\/en\/creations\/creation\/nadja\/#breadcrumb","itemListElement":[{"@type":"ListItem","position":1,"name":"Accueil","item":"https:\/\/www.arbre-canapas.com\/en\/"},{"@type":"ListItem","position":2,"name":"Nadja"}]},{"@type":"WebSite","@id":"https:\/\/www.arbre-canapas.com\/en\/#website","url":"https:\/\/www.arbre-canapas.com\/en\/","name":"L'Arbre Canapas","description":"Collectif de musiciens","publisher":{"@id":"https:\/\/www.arbre-canapas.com\/en\/#organization"},"potentialAction":[{"@type":"SearchAction","target":{"@type":"EntryPoint","urlTemplate":"https:\/\/www.arbre-canapas.com\/en\/?s={search_term_string}"},"query-input":{"@type":"PropertyValueSpecification","valueRequired":true,"valueName":"search_term_string"}}],"inLanguage":"en-US"},{"@type":"Organization","@id":"https:\/\/www.arbre-canapas.com\/en\/#organization","name":"L'Arbre Canapas","url":"https:\/\/www.arbre-canapas.com\/en\/","logo":{"@type":"ImageObject","inLanguage":"en-US","@id":"https:\/\/www.arbre-canapas.com\/en\/#\/schema\/logo\/image\/","url":"https:\/\/www.arbre-canapas.com\/wp-content\/uploads\/2020\/02\/logo-footer.png","contentUrl":"https:\/\/www.arbre-canapas.com\/wp-content\/uploads\/2020\/02\/logo-footer.png","width":344,"height":243,"caption":"L'Arbre Canapas"},"image":{"@id":"https:\/\/www.arbre-canapas.com\/en\/#\/schema\/logo\/image\/"},"sameAs":["https:\/\/www.facebook.com\/profile.php?id=100006027978794","https:\/\/www.youtube.com\/channel\/UC8X8v_jMyy4K2cPKsAze08w"]}]}},"_links":{"self":[{"href":"https:\/\/www.arbre-canapas.com\/en\/wp-json\/wp\/v2\/creation\/1313","targetHints":{"allow":["GET"]}}],"collection":[{"href":"https:\/\/www.arbre-canapas.com\/en\/wp-json\/wp\/v2\/creation"}],"about":[{"href":"https:\/\/www.arbre-canapas.com\/en\/wp-json\/wp\/v2\/types\/creation"}],"version-history":[{"count":0,"href":"https:\/\/www.arbre-canapas.com\/en\/wp-json\/wp\/v2\/creation\/1313\/revisions"}],"wp:featuredmedia":[{"embeddable":true,"href":"https:\/\/www.arbre-canapas.com\/en\/wp-json\/wp\/v2\/media\/1651"}],"wp:attachment":[{"href":"https:\/\/www.arbre-canapas.com\/en\/wp-json\/wp\/v2\/media?parent=1313"}],"wp:term":[{"taxonomy":"creation_category","embeddable":true,"href":"https:\/\/www.arbre-canapas.com\/en\/wp-json\/wp\/v2\/creation_category?post=1313"}],"curies":[{"name":"wp","href":"https:\/\/api.w.org\/{rel}","templated":true}]}}

<p class="p1">En 1928, lorsque André Breton, décrit sa rencontre avec Nadja, il décide de s’affranchir des codes littéraires et notamment d’éliminer de son texte toute description. En contrepartie le livre comporte de nombreuses photos et dessins. Il n’y manquait que la musique…</p>
<p class="p1">A travers ses compositions, Guillaume Grenard a conçu des illustrations sonores sur le récit d’André Breton en choisissant pour le fondateur du surréalisme, le plus surréaliste des orchestres : six clarinettes basses ; et derrière ces bâtons d’ébène, six fortes personnalités musicales.</p>

<p>En 1928, lorsque André Breton, décrit sa rencontre avec Nadja, il décide de s’affranchir des codes littéraires et notamment d’éliminer de son texte toute description. En contrepartie le livre comporte de nombreuses photos et dessins. Il n’y manquait que la musique…</p>

<!-- This site is optimized with the Yoast SEO plugin v26.4 - https://yoast.com/wordpress/plugins/seo/ -->
<title>Nadja - Créations - L&#039;Arbre Canapas</title>
<meta name="robots" content="index, follow, max-snippet:-1, max-image-preview:large, max-video-preview:-1" />
<link rel="canonical" href="https://www.arbre-canapas.com/en/creations/creation/nadja/" />
<meta property="og:locale" content="en_US" />
<meta property="og:type" content="article" />
<meta property="og:title" content="Nadja - Créations - L&#039;Arbre Canapas" />
<meta property="og:description" content="En 1928, lorsque André Breton, décrit sa rencontre avec Nadja, il décide de s’affranchir des codes littéraires et notamment d’éliminer de son texte toute description. En contrepartie le livre comporte de nombreuses photos et dessins. Il n’y manquait que la musique…" />
<meta property="og:url" content="https://www.arbre-canapas.com/en/creations/creation/nadja/" />
<meta property="og:site_name" content="L&#039;Arbre Canapas" />
<meta property="article:publisher" content="https://www.facebook.com/profile.php?id=100006027978794" />
<meta property="article:modified_time" content="2022-11-15T16:54:48+00:00" />
<meta property="og:image" content="https://www.arbre-canapas.com/wp-content/uploads/2020/03/DSC-2755-Nadja-visuel-scaled.jpg" />
	<meta property="og:image:width" content="2048" />
	<meta property="og:image:height" content="1228" />
	<meta property="og:image:type" content="image/jpeg" />
<meta name="twitter:card" content="summary_large_image" />
<meta name="twitter:label1" content="Est. reading time" />
	<meta name="twitter:data1" content="1 minute" />
<script type="application/ld+json" class="yoast-schema-graph">{"@context":"https://schema.org","@graph":[{"@type":"WebPage","@id":"https://www.arbre-canapas.com/en/creations/creation/nadja/","url":"https://www.arbre-canapas.com/en/creations/creation/nadja/","name":"Nadja - Créations - L&#039;Arbre Canapas","isPartOf":{"@id":"https://www.arbre-canapas.com/en/#website"},"primaryImageOfPage":{"@id":"https://www.arbre-canapas.com/en/creations/creation/nadja/#primaryimage"},"image":{"@id":"https://www.arbre-canapas.com/en/creations/creation/nadja/#primaryimage"},"thumbnailUrl":"https://www.arbre-canapas.com/wp-content/uploads/2020/03/DSC-2755-Nadja-visuel-scaled.jpg","datePublished":"2020-03-11T16:39:44+00:00","dateModified":"2022-11-15T16:54:48+00:00","breadcrumb":{"@id":"https://www.arbre-canapas.com/en/creations/creation/nadja/#breadcrumb"},"inLanguage":"en-US","potentialAction":[{"@type":"ReadAction","target":["https://www.arbre-canapas.com/en/creations/creation/nadja/"]}]},{"@type":"ImageObject","inLanguage":"en-US","@id":"https://www.arbre-canapas.com/en/creations/creation/nadja/#primaryimage","url":"https://www.arbre-canapas.com/wp-content/uploads/2020/03/DSC-2755-Nadja-visuel-scaled.jpg","contentUrl":"https://www.arbre-canapas.com/wp-content/uploads/2020/03/DSC-2755-Nadja-visuel-scaled.jpg","width":2048,"height":1228},{"@type":"BreadcrumbList","@id":"https://www.arbre-canapas.com/en/creations/creation/nadja/#breadcrumb","itemListElement":[{"@type":"ListItem","position":1,"name":"Accueil","item":"https://www.arbre-canapas.com/en/"},{"@type":"ListItem","position":2,"name":"Nadja"}]},{"@type":"WebSite","@id":"https://www.arbre-canapas.com/en/#website","url":"https://www.arbre-canapas.com/en/","name":"L'Arbre Canapas","description":"Collectif de musiciens","publisher":{"@id":"https://www.arbre-canapas.com/en/#organization"},"potentialAction":[{"@type":"SearchAction","target":{"@type":"EntryPoint","urlTemplate":"https://www.arbre-canapas.com/en/?s={search_term_string}"},"query-input":{"@type":"PropertyValueSpecification","valueRequired":true,"valueName":"search_term_string"}}],"inLanguage":"en-US"},{"@type":"Organization","@id":"https://www.arbre-canapas.com/en/#organization","name":"L'Arbre Canapas","url":"https://www.arbre-canapas.com/en/","logo":{"@type":"ImageObject","inLanguage":"en-US","@id":"https://www.arbre-canapas.com/en/#/schema/logo/image/","url":"https://www.arbre-canapas.com/wp-content/uploads/2020/02/logo-footer.png","contentUrl":"https://www.arbre-canapas.com/wp-content/uploads/2020/02/logo-footer.png","width":344,"height":243,"caption":"L'Arbre Canapas"},"image":{"@id":"https://www.arbre-canapas.com/en/#/schema/logo/image/"},"sameAs":["https://www.facebook.com/profile.php?id=100006027978794","https://www.youtube.com/channel/UC8X8v_jMyy4K2cPKsAze08w"]}]}</script>
<!-- / Yoast SEO plugin. -->

Nadja - Créations - L&#039;Arbre Canapas

En 1928, lorsque André Breton, décrit sa rencontre avec Nadja, il décide de s’affranchir des codes littéraires et notamment d’éliminer de son texte toute description. En contrepartie le livre comporte de nombreuses photos et dessins. Il n’y manquait que la musique…
