{"id":1344,"date":"2020-03-12T10:36:17","date_gmt":"2020-03-12T09:36:17","guid":{"rendered":"https:\/\/www.arbre-canapas.com\/?post_type=cultural_action&#038;p=1344"},"modified":"2023-07-10T17:58:09","modified_gmt":"2023-07-10T15:58:09","slug":"les-arts-cameleons","status":"publish","type":"cultural_action","link":"https:\/\/www.arbre-canapas.com\/en\/actions-culturelles\/action\/les-arts-cameleons\/","title":{"rendered":"Les Arts Cam\u00e9l\u00e9ons"},"content":{"rendered":"<p><span style=\"font-weight: 400;\">Du mini concert dans la cour d\u2019\u00e9cole \u00e0 l\u2019atelier de lutherie sauvage au centre psychoth\u00e9rapique, les rencontres artistiques prennent de nombreuses formes\u00a0!<\/span><\/p>\n<p><span style=\"font-weight: 400;\">\u00c0 travers une s\u00e9rie d\u2019actions culturelles (ateliers, pr\u00e9sentation musicale, rencontres, \u00e9changes) le public interg\u00e9n\u00e9rationnel va d\u00e9couvrir un univers artistique o\u00f9 musique et chant font l\u2019objet de transformations po\u00e9tiques gr\u00e2ce \u00e0 des manipulations d\u2019objets insolites et num\u00e9riques.<\/span><\/p>\n<p><span style=\"font-weight: 400;\">Les Arts Cam\u00e9l\u00e9ons est un projet artistique et culturel sur trois ans pr\u00e9vu dans le cadre de la convention de d\u00e9veloppement de l\u2019\u00e9ducation aux arts et \u00e0 la culture du contrat de ruralit\u00e9 de la Plaine de l\u2019Ain entre la DRAC Auvergne-Rh\u00f4ne-Alpes, la Communaut\u00e9 de communes de la Plaine de l\u2019Ain et le Minist\u00e8re de l\u2019\u00c9ducation Nationale. Il est coordonn\u00e9 par le CCR d\u2019Ambronay et l\u2019EPCC de Bourg-en-Bresse.<\/span><\/p>\n<p><span style=\"font-weight: 400;\">Au fil des trois saisons, les musiciens de l\u2019Arbre Canapas proposent de nombreuses rencontres autour de trois grandes th\u00e9matiques\u00a0:<\/span><\/p>\n<ul>\n<li><span style=\"font-weight: 400;\">17\/18 : Concerts d\u00e9ambul\u00e9s : <a href=\"https:\/\/www.arbre-canapas.com\/creations\/creation\/aubades-nomades\/\">Aubades Nomades<\/a><\/span><\/li>\n<li><span style=\"font-weight: 400;\">18\/19 : Installation immersive et participative : <a href=\"https:\/\/www.arbre-canapas.com\/creations\/creation\/lanternes-et-cocon\/\">Lanternes et cocon<\/a><\/span><\/li>\n<li><span style=\"font-weight: 400;\">19\/20 : Concerts \u00e0 danser : L\u2019Arch\u00e9ophone<\/span><\/li>\n<\/ul>\n","protected":false},"excerpt":{"rendered":"<p>Du mini concert dans la cour d\u2019\u00e9cole \u00e0 l\u2019atelier de lutherie sauvage au centre psychoth\u00e9rapique, les rencontres artistiques prennent de nombreuses formes\u00a0!<\/p>\n","protected":false},"featured_media":1346,"menu_order":10,"template":"","action_category":[18],"class_list":["post-1344","cultural_action","type-cultural_action","status-publish","has-post-thumbnail","hentry","action_category-tous-publics"],"acf":[],"yoast_head":"<!-- This site is optimized with the Yoast SEO plugin v26.4 - https:\/\/yoast.com\/wordpress\/plugins\/seo\/ -->\n<title>Les Arts Cam\u00e9l\u00e9ons - Actions culturelles - L&#039;Arbre Canapas<\/title>\n<meta name=\"robots\" content=\"index, follow, max-snippet:-1, max-image-preview:large, max-video-preview:-1\" \/>\n<link rel=\"canonical\" href=\"https:\/\/www.arbre-canapas.com\/en\/actions-culturelles\/action\/les-arts-cameleons\/\" \/>\n<meta property=\"og:locale\" content=\"en_US\" \/>\n<meta property=\"og:type\" content=\"article\" \/>\n<meta property=\"og:title\" content=\"Les Arts Cam\u00e9l\u00e9ons - Actions culturelles - L&#039;Arbre Canapas\" \/>\n<meta property=\"og:description\" content=\"Du mini concert dans la cour d\u2019\u00e9cole \u00e0 l\u2019atelier de lutherie sauvage au centre psychoth\u00e9rapique, les rencontres artistiques prennent de nombreuses formes\u00a0!\" \/>\n<meta property=\"og:url\" content=\"https:\/\/www.arbre-canapas.com\/en\/actions-culturelles\/action\/les-arts-cameleons\/\" \/>\n<meta property=\"og:site_name\" content=\"L&#039;Arbre Canapas\" \/>\n<meta property=\"article:publisher\" content=\"https:\/\/www.facebook.com\/profile.php?id=100006027978794\" \/>\n<meta property=\"article:modified_time\" content=\"2023-07-10T15:58:09+00:00\" \/>\n<meta property=\"og:image\" content=\"https:\/\/www.arbre-canapas.com\/wp-content\/uploads\/2020\/03\/Les-Arts-Cameleons-scaled.jpg\" \/>\n\t<meta property=\"og:image:width\" content=\"1155\" \/>\n\t<meta property=\"og:image:height\" content=\"2048\" \/>\n\t<meta property=\"og:image:type\" content=\"image\/jpeg\" \/>\n<meta name=\"twitter:card\" content=\"summary_large_image\" \/>\n<meta name=\"twitter:label1\" content=\"Est. reading time\" \/>\n\t<meta name=\"twitter:data1\" content=\"1 minute\" \/>\n<script type=\"application\/ld+json\" class=\"yoast-schema-graph\">{\"@context\":\"https:\/\/schema.org\",\"@graph\":[{\"@type\":\"WebPage\",\"@id\":\"https:\/\/www.arbre-canapas.com\/en\/actions-culturelles\/action\/les-arts-cameleons\/\",\"url\":\"https:\/\/www.arbre-canapas.com\/en\/actions-culturelles\/action\/les-arts-cameleons\/\",\"name\":\"Les Arts Cam\u00e9l\u00e9ons - Actions culturelles - L&#039;Arbre Canapas\",\"isPartOf\":{\"@id\":\"https:\/\/www.arbre-canapas.com\/en\/#website\"},\"primaryImageOfPage\":{\"@id\":\"https:\/\/www.arbre-canapas.com\/en\/actions-culturelles\/action\/les-arts-cameleons\/#primaryimage\"},\"image\":{\"@id\":\"https:\/\/www.arbre-canapas.com\/en\/actions-culturelles\/action\/les-arts-cameleons\/#primaryimage\"},\"thumbnailUrl\":\"https:\/\/www.arbre-canapas.com\/wp-content\/uploads\/2020\/03\/Les-Arts-Cameleons-scaled.jpg\",\"datePublished\":\"2020-03-12T09:36:17+00:00\",\"dateModified\":\"2023-07-10T15:58:09+00:00\",\"breadcrumb\":{\"@id\":\"https:\/\/www.arbre-canapas.com\/en\/actions-culturelles\/action\/les-arts-cameleons\/#breadcrumb\"},\"inLanguage\":\"en-US\",\"potentialAction\":[{\"@type\":\"ReadAction\",\"target\":[\"https:\/\/www.arbre-canapas.com\/en\/actions-culturelles\/action\/les-arts-cameleons\/\"]}]},{\"@type\":\"ImageObject\",\"inLanguage\":\"en-US\",\"@id\":\"https:\/\/www.arbre-canapas.com\/en\/actions-culturelles\/action\/les-arts-cameleons\/#primaryimage\",\"url\":\"https:\/\/www.arbre-canapas.com\/wp-content\/uploads\/2020\/03\/Les-Arts-Cameleons-scaled.jpg\",\"contentUrl\":\"https:\/\/www.arbre-canapas.com\/wp-content\/uploads\/2020\/03\/Les-Arts-Cameleons-scaled.jpg\",\"width\":1155,\"height\":2048,\"caption\":\"Action culturelle - Les Arts Cam\u00e9l\u00e9ons\"},{\"@type\":\"BreadcrumbList\",\"@id\":\"https:\/\/www.arbre-canapas.com\/en\/actions-culturelles\/action\/les-arts-cameleons\/#breadcrumb\",\"itemListElement\":[{\"@type\":\"ListItem\",\"position\":1,\"name\":\"Accueil\",\"item\":\"https:\/\/www.arbre-canapas.com\/en\/\"},{\"@type\":\"ListItem\",\"position\":2,\"name\":\"Les Arts Cam\u00e9l\u00e9ons\"}]},{\"@type\":\"WebSite\",\"@id\":\"https:\/\/www.arbre-canapas.com\/en\/#website\",\"url\":\"https:\/\/www.arbre-canapas.com\/en\/\",\"name\":\"L'Arbre Canapas\",\"description\":\"Collectif de musiciens\",\"publisher\":{\"@id\":\"https:\/\/www.arbre-canapas.com\/en\/#organization\"},\"potentialAction\":[{\"@type\":\"SearchAction\",\"target\":{\"@type\":\"EntryPoint\",\"urlTemplate\":\"https:\/\/www.arbre-canapas.com\/en\/?s={search_term_string}\"},\"query-input\":{\"@type\":\"PropertyValueSpecification\",\"valueRequired\":true,\"valueName\":\"search_term_string\"}}],\"inLanguage\":\"en-US\"},{\"@type\":\"Organization\",\"@id\":\"https:\/\/www.arbre-canapas.com\/en\/#organization\",\"name\":\"L'Arbre Canapas\",\"url\":\"https:\/\/www.arbre-canapas.com\/en\/\",\"logo\":{\"@type\":\"ImageObject\",\"inLanguage\":\"en-US\",\"@id\":\"https:\/\/www.arbre-canapas.com\/en\/#\/schema\/logo\/image\/\",\"url\":\"https:\/\/www.arbre-canapas.com\/wp-content\/uploads\/2020\/02\/logo-footer.png\",\"contentUrl\":\"https:\/\/www.arbre-canapas.com\/wp-content\/uploads\/2020\/02\/logo-footer.png\",\"width\":344,\"height\":243,\"caption\":\"L'Arbre Canapas\"},\"image\":{\"@id\":\"https:\/\/www.arbre-canapas.com\/en\/#\/schema\/logo\/image\/\"},\"sameAs\":[\"https:\/\/www.facebook.com\/profile.php?id=100006027978794\",\"https:\/\/www.youtube.com\/channel\/UC8X8v_jMyy4K2cPKsAze08w\"]}]}<\/script>\n<!-- \/ Yoast SEO plugin. -->","yoast_head_json":{"title":"Les Arts Cam\u00e9l\u00e9ons - Actions culturelles - L&#039;Arbre Canapas","robots":{"index":"index","follow":"follow","max-snippet":"max-snippet:-1","max-image-preview":"max-image-preview:large","max-video-preview":"max-video-preview:-1"},"canonical":"https:\/\/www.arbre-canapas.com\/en\/actions-culturelles\/action\/les-arts-cameleons\/","og_locale":"en_US","og_type":"article","og_title":"Les Arts Cam\u00e9l\u00e9ons - Actions culturelles - L&#039;Arbre Canapas","og_description":"Du mini concert dans la cour d\u2019\u00e9cole \u00e0 l\u2019atelier de lutherie sauvage au centre psychoth\u00e9rapique, les rencontres artistiques prennent de nombreuses formes\u00a0!","og_url":"https:\/\/www.arbre-canapas.com\/en\/actions-culturelles\/action\/les-arts-cameleons\/","og_site_name":"L&#039;Arbre Canapas","article_publisher":"https:\/\/www.facebook.com\/profile.php?id=100006027978794","article_modified_time":"2023-07-10T15:58:09+00:00","og_image":[{"width":1155,"height":2048,"url":"https:\/\/www.arbre-canapas.com\/wp-content\/uploads\/2020\/03\/Les-Arts-Cameleons-scaled.jpg","type":"image\/jpeg"}],"twitter_card":"summary_large_image","twitter_misc":{"Est. reading time":"1 minute"},"schema":{"@context":"https:\/\/schema.org","@graph":[{"@type":"WebPage","@id":"https:\/\/www.arbre-canapas.com\/en\/actions-culturelles\/action\/les-arts-cameleons\/","url":"https:\/\/www.arbre-canapas.com\/en\/actions-culturelles\/action\/les-arts-cameleons\/","name":"Les Arts Cam\u00e9l\u00e9ons - Actions culturelles - L&#039;Arbre Canapas","isPartOf":{"@id":"https:\/\/www.arbre-canapas.com\/en\/#website"},"primaryImageOfPage":{"@id":"https:\/\/www.arbre-canapas.com\/en\/actions-culturelles\/action\/les-arts-cameleons\/#primaryimage"},"image":{"@id":"https:\/\/www.arbre-canapas.com\/en\/actions-culturelles\/action\/les-arts-cameleons\/#primaryimage"},"thumbnailUrl":"https:\/\/www.arbre-canapas.com\/wp-content\/uploads\/2020\/03\/Les-Arts-Cameleons-scaled.jpg","datePublished":"2020-03-12T09:36:17+00:00","dateModified":"2023-07-10T15:58:09+00:00","breadcrumb":{"@id":"https:\/\/www.arbre-canapas.com\/en\/actions-culturelles\/action\/les-arts-cameleons\/#breadcrumb"},"inLanguage":"en-US","potentialAction":[{"@type":"ReadAction","target":["https:\/\/www.arbre-canapas.com\/en\/actions-culturelles\/action\/les-arts-cameleons\/"]}]},{"@type":"ImageObject","inLanguage":"en-US","@id":"https:\/\/www.arbre-canapas.com\/en\/actions-culturelles\/action\/les-arts-cameleons\/#primaryimage","url":"https:\/\/www.arbre-canapas.com\/wp-content\/uploads\/2020\/03\/Les-Arts-Cameleons-scaled.jpg","contentUrl":"https:\/\/www.arbre-canapas.com\/wp-content\/uploads\/2020\/03\/Les-Arts-Cameleons-scaled.jpg","width":1155,"height":2048,"caption":"Action culturelle - Les Arts Cam\u00e9l\u00e9ons"},{"@type":"BreadcrumbList","@id":"https:\/\/www.arbre-canapas.com\/en\/actions-culturelles\/action\/les-arts-cameleons\/#breadcrumb","itemListElement":[{"@type":"ListItem","position":1,"name":"Accueil","item":"https:\/\/www.arbre-canapas.com\/en\/"},{"@type":"ListItem","position":2,"name":"Les Arts Cam\u00e9l\u00e9ons"}]},{"@type":"WebSite","@id":"https:\/\/www.arbre-canapas.com\/en\/#website","url":"https:\/\/www.arbre-canapas.com\/en\/","name":"L'Arbre Canapas","description":"Collectif de musiciens","publisher":{"@id":"https:\/\/www.arbre-canapas.com\/en\/#organization"},"potentialAction":[{"@type":"SearchAction","target":{"@type":"EntryPoint","urlTemplate":"https:\/\/www.arbre-canapas.com\/en\/?s={search_term_string}"},"query-input":{"@type":"PropertyValueSpecification","valueRequired":true,"valueName":"search_term_string"}}],"inLanguage":"en-US"},{"@type":"Organization","@id":"https:\/\/www.arbre-canapas.com\/en\/#organization","name":"L'Arbre Canapas","url":"https:\/\/www.arbre-canapas.com\/en\/","logo":{"@type":"ImageObject","inLanguage":"en-US","@id":"https:\/\/www.arbre-canapas.com\/en\/#\/schema\/logo\/image\/","url":"https:\/\/www.arbre-canapas.com\/wp-content\/uploads\/2020\/02\/logo-footer.png","contentUrl":"https:\/\/www.arbre-canapas.com\/wp-content\/uploads\/2020\/02\/logo-footer.png","width":344,"height":243,"caption":"L'Arbre Canapas"},"image":{"@id":"https:\/\/www.arbre-canapas.com\/en\/#\/schema\/logo\/image\/"},"sameAs":["https:\/\/www.facebook.com\/profile.php?id=100006027978794","https:\/\/www.youtube.com\/channel\/UC8X8v_jMyy4K2cPKsAze08w"]}]}},"_links":{"self":[{"href":"https:\/\/www.arbre-canapas.com\/en\/wp-json\/wp\/v2\/cultural_action\/1344","targetHints":{"allow":["GET"]}}],"collection":[{"href":"https:\/\/www.arbre-canapas.com\/en\/wp-json\/wp\/v2\/cultural_action"}],"about":[{"href":"https:\/\/www.arbre-canapas.com\/en\/wp-json\/wp\/v2\/types\/cultural_action"}],"version-history":[{"count":0,"href":"https:\/\/www.arbre-canapas.com\/en\/wp-json\/wp\/v2\/cultural_action\/1344\/revisions"}],"wp:featuredmedia":[{"embeddable":true,"href":"https:\/\/www.arbre-canapas.com\/en\/wp-json\/wp\/v2\/media\/1346"}],"wp:attachment":[{"href":"https:\/\/www.arbre-canapas.com\/en\/wp-json\/wp\/v2\/media?parent=1344"}],"wp:term":[{"taxonomy":"action_category","embeddable":true,"href":"https:\/\/www.arbre-canapas.com\/en\/wp-json\/wp\/v2\/action_category?post=1344"}],"curies":[{"name":"wp","href":"https:\/\/api.w.org\/{rel}","templated":true}]}}

Les Arts Caméléons

<p><span style="font-weight: 400;">Du mini concert dans la cour d’école à l’atelier de lutherie sauvage au centre psychothérapique, les rencontres artistiques prennent de nombreuses formes !</span></p>
<p><span style="font-weight: 400;">À travers une série d’actions culturelles (ateliers, présentation musicale, rencontres, échanges) le public intergénérationnel va découvrir un univers artistique où musique et chant font l’objet de transformations poétiques grâce à des manipulations d’objets insolites et numériques.</span></p>
<p><span style="font-weight: 400;">Les Arts Caméléons est un projet artistique et culturel sur trois ans prévu dans le cadre de la convention de développement de l’éducation aux arts et à la culture du contrat de ruralité de la Plaine de l’Ain entre la DRAC Auvergne-Rhône-Alpes, la Communauté de communes de la Plaine de l’Ain et le Ministère de l’Éducation Nationale. Il est coordonné par le CCR d’Ambronay et l’EPCC de Bourg-en-Bresse.</span></p>
<p><span style="font-weight: 400;">Au fil des trois saisons, les musiciens de l’Arbre Canapas proposent de nombreuses rencontres autour de trois grandes thématiques :</span></p>
<ul>
<li><span style="font-weight: 400;">17/18 : Concerts déambulés : <a href="https://www.arbre-canapas.com/creations/creation/aubades-nomades/">Aubades Nomades</a></span></li>
<li><span style="font-weight: 400;">18/19 : Installation immersive et participative : <a href="https://www.arbre-canapas.com/creations/creation/lanternes-et-cocon/">Lanternes et cocon</a></span></li>
<li><span style="font-weight: 400;">19/20 : Concerts à danser : L’Archéophone</span></li>
</ul>

<p>Du mini concert dans la cour d’école à l’atelier de lutherie sauvage au centre psychothérapique, les rencontres artistiques prennent de nombreuses formes !</p>

<!-- This site is optimized with the Yoast SEO plugin v26.4 - https://yoast.com/wordpress/plugins/seo/ -->
<title>Les Arts Caméléons - Actions culturelles - L&#039;Arbre Canapas</title>
<meta name="robots" content="index, follow, max-snippet:-1, max-image-preview:large, max-video-preview:-1" />
<link rel="canonical" href="https://www.arbre-canapas.com/en/actions-culturelles/action/les-arts-cameleons/" />
<meta property="og:locale" content="en_US" />
<meta property="og:type" content="article" />
<meta property="og:title" content="Les Arts Caméléons - Actions culturelles - L&#039;Arbre Canapas" />
<meta property="og:description" content="Du mini concert dans la cour d’école à l’atelier de lutherie sauvage au centre psychothérapique, les rencontres artistiques prennent de nombreuses formes !" />
<meta property="og:url" content="https://www.arbre-canapas.com/en/actions-culturelles/action/les-arts-cameleons/" />
<meta property="og:site_name" content="L&#039;Arbre Canapas" />
<meta property="article:publisher" content="https://www.facebook.com/profile.php?id=100006027978794" />
<meta property="article:modified_time" content="2023-07-10T15:58:09+00:00" />
<meta property="og:image" content="https://www.arbre-canapas.com/wp-content/uploads/2020/03/Les-Arts-Cameleons-scaled.jpg" />
	<meta property="og:image:width" content="1155" />
	<meta property="og:image:height" content="2048" />
	<meta property="og:image:type" content="image/jpeg" />
<meta name="twitter:card" content="summary_large_image" />
<meta name="twitter:label1" content="Est. reading time" />
	<meta name="twitter:data1" content="1 minute" />
<script type="application/ld+json" class="yoast-schema-graph">{"@context":"https://schema.org","@graph":[{"@type":"WebPage","@id":"https://www.arbre-canapas.com/en/actions-culturelles/action/les-arts-cameleons/","url":"https://www.arbre-canapas.com/en/actions-culturelles/action/les-arts-cameleons/","name":"Les Arts Caméléons - Actions culturelles - L&#039;Arbre Canapas","isPartOf":{"@id":"https://www.arbre-canapas.com/en/#website"},"primaryImageOfPage":{"@id":"https://www.arbre-canapas.com/en/actions-culturelles/action/les-arts-cameleons/#primaryimage"},"image":{"@id":"https://www.arbre-canapas.com/en/actions-culturelles/action/les-arts-cameleons/#primaryimage"},"thumbnailUrl":"https://www.arbre-canapas.com/wp-content/uploads/2020/03/Les-Arts-Cameleons-scaled.jpg","datePublished":"2020-03-12T09:36:17+00:00","dateModified":"2023-07-10T15:58:09+00:00","breadcrumb":{"@id":"https://www.arbre-canapas.com/en/actions-culturelles/action/les-arts-cameleons/#breadcrumb"},"inLanguage":"en-US","potentialAction":[{"@type":"ReadAction","target":["https://www.arbre-canapas.com/en/actions-culturelles/action/les-arts-cameleons/"]}]},{"@type":"ImageObject","inLanguage":"en-US","@id":"https://www.arbre-canapas.com/en/actions-culturelles/action/les-arts-cameleons/#primaryimage","url":"https://www.arbre-canapas.com/wp-content/uploads/2020/03/Les-Arts-Cameleons-scaled.jpg","contentUrl":"https://www.arbre-canapas.com/wp-content/uploads/2020/03/Les-Arts-Cameleons-scaled.jpg","width":1155,"height":2048,"caption":"Action culturelle - Les Arts Caméléons"},{"@type":"BreadcrumbList","@id":"https://www.arbre-canapas.com/en/actions-culturelles/action/les-arts-cameleons/#breadcrumb","itemListElement":[{"@type":"ListItem","position":1,"name":"Accueil","item":"https://www.arbre-canapas.com/en/"},{"@type":"ListItem","position":2,"name":"Les Arts Caméléons"}]},{"@type":"WebSite","@id":"https://www.arbre-canapas.com/en/#website","url":"https://www.arbre-canapas.com/en/","name":"L'Arbre Canapas","description":"Collectif de musiciens","publisher":{"@id":"https://www.arbre-canapas.com/en/#organization"},"potentialAction":[{"@type":"SearchAction","target":{"@type":"EntryPoint","urlTemplate":"https://www.arbre-canapas.com/en/?s={search_term_string}"},"query-input":{"@type":"PropertyValueSpecification","valueRequired":true,"valueName":"search_term_string"}}],"inLanguage":"en-US"},{"@type":"Organization","@id":"https://www.arbre-canapas.com/en/#organization","name":"L'Arbre Canapas","url":"https://www.arbre-canapas.com/en/","logo":{"@type":"ImageObject","inLanguage":"en-US","@id":"https://www.arbre-canapas.com/en/#/schema/logo/image/","url":"https://www.arbre-canapas.com/wp-content/uploads/2020/02/logo-footer.png","contentUrl":"https://www.arbre-canapas.com/wp-content/uploads/2020/02/logo-footer.png","width":344,"height":243,"caption":"L'Arbre Canapas"},"image":{"@id":"https://www.arbre-canapas.com/en/#/schema/logo/image/"},"sameAs":["https://www.facebook.com/profile.php?id=100006027978794","https://www.youtube.com/channel/UC8X8v_jMyy4K2cPKsAze08w"]}]}</script>
<!-- / Yoast SEO plugin. -->

Les Arts Caméléons - Actions culturelles - L&#039;Arbre Canapas

Du mini concert dans la cour d’école à l’atelier de lutherie sauvage au centre psychothérapique, les rencontres artistiques prennent de nombreuses formes !

Action culturelle - Les Arts Caméléons
